20.171.207.42 - - [05/Oct/2025:00:56:48 +0000] "GET /sexual-pleasure-plays-an-enormous-position-in-our-well-being/?path=//sys/devices/pci0000:00/0000:00:01.2/driver/0000:00:01.2/subsystem/devices/0000:00:05.0/virtio2/subsystem/devices/virtio2/subsystem/drivers/virtio_net/virtio0/net/ens3/device/subsystem/devices/virtio1/host2/target2:0:0/2:0:0:0/subsystem/devices/2:0:0:0/subsystem/devices/target2:0:0/2:0:0:0/subsystem/drivers/sd/2:0:0:0/block/sda/subsystem/loop2/subsystem/sda/bdi/subsystem/7:0/subsystem/7:2 HTTP/2.0" 200 3753 "-" "Mozilla/5.0 AppleWebKit/537.36 (KHTML, like Gecko; compatible; GPTBot/1.2; +https://openai.com/gptbot)"
20.171.207.42 - - [05/Oct/2025:00:56:49 +0000] "GET /sexual-pleasure-plays-an-enormous-position-in-our-well-being/?path=//sys/devices/pci0000:00/0000:00:01.2/driver/0000:00:01.2/subsystem/devices/0000:00:05.0/virtio2/subsystem/devices/virtio2/subsystem/drivers/virtio_net/virtio0/net/ens3/device/subsystem/devices/virtio1/host2/target2:0:0/2:0:0:0/subsystem/devices/2:0:0:0/subsystem/devices/target2:0:0/2:0:0:0/subsystem/drivers/sd/2:0:0:0/block/sda/subsystem/loop2/subsystem/sda/bdi/subsystem/7:0/subsystem/7:5 HTTP/2.0" 200 3754 "-" "Mozilla/5.0 AppleWebKit/537.36 (KHTML, like Gecko; compatible; GPTBot/1.2; +https://openai.com/gptbot)"
20.171.207.42 - - [05/Oct/2025:00:56:50 +0000] "GET /sexual-pleasure-plays-an-enormous-position-in-our-well-being/?path=//sys/devices/pci0000:00/0000:00:01.2/driver/0000:00:01.2/subsystem/devices/0000:00:05.0/virtio2/subsystem/devices/virtio2/subsystem/drivers/virtio_net/virtio0/net/ens3/device/subsystem/devices/virtio1/host2/target2:0:0/2:0:0:0/subsystem/devices/2:0:0:0/subsystem/devices/target2:0:0/2:0:0:0/subsystem/drivers/sd/2:0:0:0/block/sda/subsystem/loop2/subsystem/sda/bdi/subsystem/7:7/subsystem/7:0 HTTP/2.0" 200 3754 "-" "Mozilla/5.0 AppleWebKit/537.36 (KHTML, like Gecko; compatible; GPTBot/1.2; +https://openai.com/gptbot)"
20.171.207.42 - - [05/Oct/2025:00:56:51 +0000] "GET /sexual-pleasure-plays-an-enormous-position-in-our-well-being/?path=//sys/devices/pci0000:00/0000:00:01.2/driver/0000:00:01.2/subsystem/devices/0000:00:05.0/virtio2/subsystem/devices/virtio2/subsystem/drivers/virtio_net/virtio0/net/ens3/device/subsystem/devices/virtio1/host2/target2:0:0/2:0:0:0/subsystem/devices/2:0:0:0/subsystem/devices/target2:0:0/2:0:0:0/subsystem/drivers/sd/2:0:0:0/block/sda/subsystem/loop2/subsystem/sda/bdi/subsystem/7:0/subsystem/7:4 HTTP/2.0" 200 3754 "-" "Mozilla/5.0 AppleWebKit/537.36 (KHTML, like Gecko; compatible; GPTBot/1.2; +https://openai.com/gptbot)"
66.249.66.41 - - [05/Oct/2025:00:56:51 +0000] "GET /?a=9560079965704&channel=2e7d78&from=info.php?detail/37961396 HTTP/1.1" 200 7838 "-" "Mozilla/5.0 (Linux; Android 6.0.1; Nexus 5X Build/MMB29P) AppleWebKit/537.36 (KHTML, like Gecko) Chrome/140.0.7339.207 Mobile Safari/537.36 (compatible; Googlebot/2.1; +http://www.google.com/bot.html)"
20.171.207.42 - - [05/Oct/2025:00:56:52 +0000] "GET /sexual-pleasure-plays-an-enormous-position-in-our-well-being/?path=//sys/devices/pci0000:00/0000:00:01.2/driver/0000:00:01.2/subsystem/devices/0000:00:05.0/virtio2/subsystem/devices/virtio2/subsystem/drivers/virtio_net/virtio0/net/ens3/device/subsystem/devices/virtio1/host2/target2:0:0/2:0:0:0/subsystem/devices/2:0:0:0/subsystem/devices/target2:0:0/2:0:0:0/subsystem/drivers/sd/2:0:0:0/block/sda/subsystem/loop2/subsystem/sda/bdi/subsystem/7:5/subsystem/7:2 HTTP/2.0" 200 3754 "-" "Mozilla/5.0 AppleWebKit/537.36 (KHTML, like Gecko; compatible; GPTBot/1.2; +https://openai.com/gptbot)"
66.249.66.40 - - [05/Oct/2025:00:56:53 +0000] "GET /?a=1102087765400&channel=67870c&from=category-info.php?detail/3624386 HTTP/1.1" 200 7838 "-" "Mozilla/5.0 (Linux; Android 6.0.1; Nexus 5X Build/MMB29P) AppleWebKit/537.36 (KHTML, like Gecko) Chrome/140.0.7339.207 Mobile Safari/537.36 (compatible; Googlebot/2.1; +http://www.google.com/bot.html)"
20.171.207.42 - - [05/Oct/2025:00:56:54 +0000] "GET /sexual-pleasure-plays-an-enormous-position-in-our-well-being/?path=//sys/devices/pci0000:00/0000:00:01.2/driver/0000:00:01.2/subsystem/devices/0000:00:05.0/virtio2/subsystem/devices/virtio2/subsystem/drivers/virtio_net/virtio0/net/ens3/device/subsystem/devices/virtio1/host2/target2:0:0/2:0:0:0/subsystem/devices/2:0:0:0/subsystem/devices/target2:0:0/2:0:0:0/subsystem/drivers/sd/2:0:0:0/block/sda/subsystem/sda/bdi/subsystem/7:1/subsystem/7:2/subsystem/7:3 HTTP/2.0" 200 3754 "-" "Mozilla/5.0 AppleWebKit/537.36 (KHTML, like Gecko; compatible; GPTBot/1.2; +https://openai.com/gptbot)"
167.114.139.55 - - [05/Oct/2025:00:56:54 +0000] "GET /lien-he/?path=//proc/103602 HTTP/2.0" 200 4658 "-" "Mozilla/5.0 (compatible; AhrefsBot/7.0; +http://ahrefs.com/robot/)"
20.171.207.42 - - [05/Oct/2025:00:56:55 +0000] "GET /sexual-pleasure-plays-an-enormous-position-in-our-well-being/?path=//sys/devices/pci0000:00/0000:00:01.2/driver/0000:00:01.2/subsystem/devices/0000:00:05.0/virtio2/subsystem/devices/virtio2/subsystem/drivers/virtio_net/virtio0/net/ens3/device/subsystem/devices/virtio1/host2/target2:0:0/2:0:0:0/subsystem/devices/2:0:0:0/subsystem/devices/target2:0:0/2:0:0:0/subsystem/drivers/sd/2:0:0:0/block/sda/subsystem/sda/bdi/subsystem/7:1/subsystem/7:0/subsystem/7:1 HTTP/2.0" 200 3747 "-" "Mozilla/5.0 AppleWebKit/537.36 (KHTML, like Gecko; compatible; GPTBot/1.2; +https://openai.com/gptbot)"
20.171.207.42 - - [05/Oct/2025:00:56:56 +0000] "GET /sexual-pleasure-plays-an-enormous-position-in-our-well-being/?path=//sys/devices/pci0000:00/0000:00:01.2/driver/0000:00:01.2/subsystem/devices/0000:00:05.0/virtio2/subsystem/devices/virtio2/subsystem/drivers/virtio_net/virtio0/net/ens3/device/subsystem/devices/virtio1/host2/target2:0:0/2:0:0:0/subsystem/devices/2:0:0:0/subsystem/devices/target2:0:0/2:0:0:0/subsystem/drivers/sd/2:0:0:0/block/sda/subsystem/sda/bdi/subsystem/7:1/subsystem/7:0/subsystem/7:6 HTTP/2.0" 200 3752 "-" "Mozilla/5.0 AppleWebKit/537.36 (KHTML, like Gecko; compatible; GPTBot/1.2; +https://openai.com/gptbot)"
20.171.207.42 - - [05/Oct/2025:00:56:57 +0000] "GET /sexual-pleasure-plays-an-enormous-position-in-our-well-being/?path=//sys/devices/pci0000:00/0000:00:01.2/driver/0000:00:01.2/subsystem/devices/0000:00:05.0/virtio2/subsystem/devices/virtio2/subsystem/drivers/virtio_net/virtio0/net/ens3/device/subsystem/devices/virtio1/host2/target2:0:0/2:0:0:0/subsystem/devices/2:0:0:0/subsystem/devices/target2:0:0/2:0:0:0/subsystem/drivers/sd/2:0:0:0/block/sda/subsystem/sda/bdi/subsystem/7:1/subsystem/8:0/subsystem/8:0 HTTP/2.0" 200 3747 "-" "Mozilla/5.0 AppleWebKit/537.36 (KHTML, like Gecko; compatible; GPTBot/1.2; +https://openai.com/gptbot)"
20.171.207.42 - - [05/Oct/2025:00:56:58 +0000] "GET /sexual-pleasure-plays-an-enormous-position-in-our-well-being/?path=//sys/devices/pci0000:00/0000:00:01.2/driver/0000:00:01.2/subsystem/devices/0000:00:05.0/virtio2/subsystem/devices/virtio2/subsystem/drivers/virtio_net/virtio0/net/ens3/device/subsystem/devices/virtio1/host2/target2:0:0/2:0:0:0/subsystem/devices/2:0:0:0/subsystem/devices/target2:0:0/2:0:0:0/subsystem/drivers/sd/2:0:0:0/block/sda/subsystem/sda/bdi/subsystem/7:1/subsystem/7:0/subsystem/8:0 HTTP/2.0" 200 3751 "-" "Mozilla/5.0 AppleWebKit/537.36 (KHTML, like Gecko; compatible; GPTBot/1.2; +https://openai.com/gptbot)"
20.171.207.42 - - [05/Oct/2025:00:56:59 +0000] "GET /sexual-pleasure-plays-an-enormous-position-in-our-well-being/?path=//sys/devices/pci0000:00/0000:00:01.2/driver/0000:00:01.2/subsystem/devices/0000:00:05.0/virtio2/subsystem/devices/virtio2/subsystem/drivers/virtio_net/virtio0/net/ens3/device/subsystem/devices/virtio1/host2/target2:0:0/2:0:0:0/subsystem/devices/2:0:0:0/subsystem/devices/target2:0:0/2:0:0:0/subsystem/drivers/sd/2:0:0:0/block/sda/subsystem/loop2/subsystem/sda/bdi/subsystem/7:0/subsystem/7:2/power HTTP/2.0" 200 3846 "-" "Mozilla/5.0 AppleWebKit/537.36 (KHTML, like Gecko; compatible; GPTBot/1.2; +https://openai.com/gptbot)"
51.161.37.214 - - [05/Oct/2025:00:57:00 +0000] "GET /lien-he/?path=//proc/101 HTTP/2.0" 200 4657 "-" "Mozilla/5.0 (compatible; AhrefsBot/7.0; +http://ahrefs.com/robot/)"
20.171.207.42 - - [05/Oct/2025:00:57:00 +0000] "GET /sexual-pleasure-plays-an-enormous-position-in-our-well-being/?path=//sys/devices/pci0000:00/0000:00:01.2/driver/0000:00:01.2/subsystem/devices/0000:00:05.0/virtio2/subsystem/devices/virtio2/subsystem/drivers/virtio_net/virtio0/net/ens3/device/subsystem/devices/virtio1/host2/target2:0:0/2:0:0:0/subsystem/devices/2:0:0:0/subsystem/devices/target2:0:0/2:0:0:0/subsystem/drivers/sd/2:0:0:0/block/sda/subsystem/loop2/subsystem/sda/bdi/subsystem/7:0/subsystem/7:5/subsystem HTTP/2.0" 200 3718 "-" "Mozilla/5.0 AppleWebKit/537.36 (KHTML, like Gecko; compatible; GPTBot/1.2; +https://openai.com/gptbot)"
20.171.207.42 - - [05/Oct/2025:00:57:02 +0000] "GET /sexual-pleasure-plays-an-enormous-position-in-our-well-being/?path=//sys/devices/pci0000:00/0000:00:01.2/driver/0000:00:01.2/subsystem/devices/0000:00:05.0/virtio2/subsystem/devices/virtio2/subsystem/drivers/virtio_net/virtio0/net/ens3/device/subsystem/devices/virtio1/host2/target2:0:0/2:0:0:0/subsystem/devices/2:0:0:0/subsystem/devices/target2:0:0/2:0:0:0/subsystem/drivers/sd/2:0:0:0/block/sda/subsystem/loop2/subsystem/sda/bdi/subsystem/7:0/subsystem/7:4/subsystem HTTP/2.0" 200 3718 "-" "Mozilla/5.0 AppleWebKit/537.36 (KHTML, like Gecko; compatible; GPTBot/1.2; +https://openai.com/gptbot)"
20.171.207.42 - - [05/Oct/2025:00:57:03 +0000] "GET /sexual-pleasure-plays-an-enormous-position-in-our-well-being/?path=//sys/devices/pci0000:00/0000:00:01.2/driver/0000:00:01.2/subsystem/devices/0000:00:05.0/virtio2/subsystem/devices/virtio2/subsystem/drivers/virtio_net/virtio0/net/ens3/device/subsystem/devices/virtio1/host2/target2:0:0/2:0:0:0/subsystem/devices/2:0:0:0/subsystem/devices/target2:0:0/2:0:0:0/subsystem/drivers/sd/2:0:0:0/block/sda/subsystem/sda/bdi/subsystem/7:1/subsystem/7:0/subsystem/7:2 HTTP/2.0" 200 3752 "-" "Mozilla/5.0 AppleWebKit/537.36 (KHTML, like Gecko; compatible; GPTBot/1.2; +https://openai.com/gptbot)"
20.171.207.42 - - [05/Oct/2025:00:57:04 +0000] "GET /sexual-pleasure-plays-an-enormous-position-in-our-well-being/?path=//sys/devices/pci0000:00/0000:00:01.2/driver/0000:00:01.2/subsystem/devices/0000:00:05.0/virtio2/subsystem/devices/virtio2/subsystem/drivers/virtio_net/virtio0/net/ens3/device/subsystem/devices/virtio1/host2/target2:0:0/2:0:0:0/subsystem/devices/2:0:0:0/subsystem/devices/target2:0:0/2:0:0:0/subsystem/drivers/sd/2:0:0:0/block/sda/subsystem/sda/bdi/subsystem/7:1/subsystem/7:0/subsystem/7:4 HTTP/2.0" 200 3752 "-" "Mozilla/5.0 AppleWebKit/537.36 (KHTML, like Gecko; compatible; GPTBot/1.2; +https://openai.com/gptbot)"
20.171.207.42 - - [05/Oct/2025:00:57:05 +0000] "GET /sexual-pleasure-plays-an-enormous-position-in-our-well-being/?path=//sys/devices/pci0000:00/0000:00:01.2/driver/0000:00:01.2/subsystem/devices/0000:00:05.0/virtio2/subsystem/devices/virtio2/subsystem/drivers/virtio_net/virtio0/net/ens3/device/subsystem/devices/virtio1/host2/target2:0:0/2:0:0:0/subsystem/devices/2:0:0:0/subsystem/devices/target2:0:0/2:0:0:0/subsystem/drivers/sd/2:0:0:0/block/sda/subsystem/sda/sda1/subsystem/sda/sda15/subsystem/loop2/trace HTTP/2.0" 200 3616 "-" "Mozilla/5.0 AppleWebKit/537.36 (KHTML, like Gecko; compatible; GPTBot/1.2; +https://openai.com/gptbot)"
20.171.207.42 - - [05/Oct/2025:00:57:06 +0000] "GET /sexual-pleasure-plays-an-enormous-position-in-our-well-being/?path=//sys/devices/pci0000:00/0000:00:01.2/driver/0000:00:01.2/subsystem/devices/0000:00:05.0/virtio2/subsystem/devices/virtio2/subsystem/drivers/virtio_net/virtio0/net/ens3/device/subsystem/devices/virtio1/host2/target2:0:0/2:0:0:0/subsystem/devices/2:0:0:0/subsystem/devices/target2:0:0/2:0:0:0/subsystem/drivers/sd/2:0:0:0/block/sda/subsystem/sda/bdi/subsystem/7:1/subsystem/7:0/subsystem/7:1/power HTTP/2.0" 200 3840 "-" "Mozilla/5.0 AppleWebKit/537.36 (KHTML, like Gecko; compatible; GPTBot/1.2; +https://openai.com/gptbot)"
20.171.207.42 - - [05/Oct/2025:00:57:07 +0000] "GET /sexual-pleasure-plays-an-enormous-position-in-our-well-being/?path=//sys/devices/pci0000:00/0000:00:01.2/driver/0000:00:01.2/subsystem/devices/0000:00:05.0/virtio2/subsystem/devices/virtio2/subsystem/drivers/virtio_net/virtio0/net/ens3/device/subsystem/devices/virtio1/host2/target2:0:0/2:0:0:0/subsystem/devices/2:0:0:0/subsystem/devices/target2:0:0/2:0:0:0/subsystem/drivers/sd/2:0:0:0/block/sda/subsystem/sda/bdi/subsystem/7:1/subsystem/7:3 HTTP/2.0" 200 3729 "-" "Mozilla/5.0 AppleWebKit/537.36 (KHTML, like Gecko; compatible; GPTBot/1.2; +https://openai.com/gptbot)"
20.171.207.42 - - [05/Oct/2025:00:57:08 +0000] "GET /sexual-pleasure-plays-an-enormous-position-in-our-well-being/?path=//sys/devices/pci0000:00/0000:00:01.2/driver/0000:00:01.2/subsystem/devices/0000:00:05.0/virtio2/subsystem/devices/virtio2/subsystem/drivers/virtio_net/virtio0/net/ens3/device/subsystem/devices/virtio1/host2/target2:0:0/2:0:0:0/subsystem/devices/2:0:0:0/subsystem/devices/target2:0:0/2:0:0:0/subsystem/drivers/sd/2:0:0:0/block/sda/subsystem/sda/bdi/subsystem/7:1/subsystem/8:0/subsystem/8:0/power HTTP/2.0" 200 3840 "-" "Mozilla/5.0 AppleWebKit/537.36 (KHTML, like Gecko; compatible; GPTBot/1.2; +https://openai.com/gptbot)"
20.171.207.42 - - [05/Oct/2025:00:57:10 +0000] "GET /sexual-pleasure-plays-an-enormous-position-in-our-well-being/?path=//sys/devices/pci0000:00/0000:00:01.2/driver/0000:00:01.2/subsystem/devices/0000:00:05.0/virtio2/subsystem/devices/virtio2/subsystem/drivers/virtio_net/virtio0/net/ens3/device/subsystem/devices/virtio1/host2/target2:0:0/2:0:0:0/subsystem/devices/2:0:0:0/subsystem/devices/target2:0:0/2:0:0:0/subsystem/drivers/sd/2:0:0:0/block/sda/subsystem/sda/bdi/subsystem/7:1/subsystem/7:0/subsystem/8:0/power HTTP/2.0" 200 3885 "-" "Mozilla/5.0 AppleWebKit/537.36 (KHTML, like Gecko; compatible; GPTBot/1.2; +https://openai.com/gptbot)"
20.171.207.42 - - [05/Oct/2025:00:57:11 +0000] "GET /sexual-pleasure-plays-an-enormous-position-in-our-well-being/?path=//sys/devices/pci0000:00/0000:00:01.2/driver/0000:00:01.2/subsystem/devices/0000:00:05.0/virtio2/subsystem/devices/virtio2/subsystem/drivers/virtio_net/virtio0/net/ens3/device/subsystem/devices/virtio1/host2/target2:0:0/2:0:0:0/subsystem/devices/2:0:0:0/subsystem/devices/target2:0:0/2:0:0:0/subsystem/drivers/sd/2:0:0:0/block/sda/subsystem/loop2/subsystem/sda/bdi/subsystem/7:2 HTTP/2.0" 200 3732 "-" "Mozilla/5.0 AppleWebKit/537.36 (KHTML, like Gecko; compatible; GPTBot/1.2; +https://openai.com/gptbot)"
20.171.207.42 - - [05/Oct/2025:00:57:12 +0000] "GET /sexual-pleasure-plays-an-enormous-position-in-our-well-being/?path=//sys/devices/pci0000:00/0000:00:01.2/driver/0000:00:01.2/subsystem/devices/0000:00:05.0/virtio2/subsystem/devices/virtio2/subsystem/drivers/virtio_net/virtio0/net/ens3/device/subsystem/devices/virtio1/host2/target2:0:0/2:0:0:0/subsystem/devices/2:0:0:0/subsystem/devices/target2:0:0/2:0:0:0/subsystem/drivers/sd/2:0:0:0/block/sda/subsystem/loop2/subsystem/sda/bdi/subsystem/7:0/subsystem/7:5/subsystem/8:0 HTTP/2.0" 200 3770 "-" "Mozilla/5.0 AppleWebKit/537.36 (KHTML, like Gecko; compatible; GPTBot/1.2; +https://openai.com/gptbot)"
20.171.207.42 - - [05/Oct/2025:00:57:13 +0000] "GET /sexual-pleasure-plays-an-enormous-position-in-our-well-being/?path=//sys/devices/pci0000:00/0000:00:01.2/driver/0000:00:01.2/subsystem/devices/0000:00:05.0/virtio2/subsystem/devices/virtio2/subsystem/drivers/virtio_net/virtio0/net/ens3/device/subsystem/devices/virtio1/host2/target2:0:0/2:0:0:0/subsystem/devices/2:0:0:0/subsystem/devices/target2:0:0/2:0:0:0/subsystem/drivers/sd/2:0:0:0/block/sda/subsystem/sda/bdi/subsystem/7:1/subsystem/8:0/subsystem/7:7 HTTP/2.0" 200 3753 "-" "Mozilla/5.0 AppleWebKit/537.36 (KHTML, like Gecko; compatible; GPTBot/1.2; +https://openai.com/gptbot)"
54.39.203.211 - - [05/Oct/2025:00:57:13 +0000] "GET /lien-he/?fileloc=//proc/zoneinfo&path=//proc HTTP/2.0" 200 3809 "-" "Mozilla/5.0 (compatible; AhrefsBot/7.0; +http://ahrefs.com/robot/)"
20.171.207.42 - - [05/Oct/2025:00:57:14 +0000] "GET /sexual-pleasure-plays-an-enormous-position-in-our-well-being/?path=//sys/devices/pci0000:00/0000:00:01.2/driver/0000:00:01.2/subsystem/devices/0000:00:05.0/virtio2/subsystem/devices/virtio2/subsystem/drivers/virtio_net/virtio0/net/ens3/device/subsystem/devices/virtio1/host2/target2:0:0/2:0:0:0/subsystem/devices/2:0:0:0/subsystem/devices/target2:0:0/2:0:0:0/subsystem/drivers/sd/2:0:0:0/block/sda/subsystem/sda/sda1/subsystem/sda/sda15/subsystem/loop3/slaves HTTP/2.0" 200 3115 "-" "Mozilla/5.0 AppleWebKit/537.36 (KHTML, like Gecko; compatible; GPTBot/1.2; +https://openai.com/gptbot)"
20.171.207.42 - - [05/Oct/2025:00:57:15 +0000] "GET /sexual-pleasure-plays-an-enormous-position-in-our-well-being/?path=//sys/devices/pci0000:00/0000:00:01.2/driver/0000:00:01.2/subsystem/devices/0000:00:05.0/virtio2/subsystem/devices/virtio2/subsystem/drivers/virtio_net/virtio0/net/ens3/device/subsystem/devices/virtio1/host2/target2:0:0/2:0:0:0/subsystem/devices/2:0:0:0/subsystem/devices/target2:0:0/2:0:0:0/subsystem/drivers/sd/2:0:0:0/block/sda/subsystem/sda/sda1/subsystem/sda/sda15/subsystem/loop0 HTTP/2.0" 200 4631 "-" "Mozilla/5.0 AppleWebKit/537.36 (KHTML, like Gecko; compatible; GPTBot/1.2; +https://openai.com/gptbot)"
20.171.207.42 - - [05/Oct/2025:00:57:16 +0000] "GET /sexual-pleasure-plays-an-enormous-position-in-our-well-being/?path=//sys/devices/pci0000:00/0000:00:01.2/driver/0000:00:01.2/subsystem/devices/0000:00:05.0/virtio2/subsystem/devices/virtio2/subsystem/drivers/virtio_net/virtio0/net/ens3/device/subsystem/devices/virtio1/host2/target2:0:0/2:0:0:0/subsystem/devices/2:0:0:0/subsystem/devices/target2:0:0/2:0:0:0/subsystem/drivers/sd/2:0:0:0/block/sda/subsystem/loop2/subsystem/sda/bdi/subsystem/7:0/subsystem/7:3 HTTP/2.0" 200 3754 "-" "Mozilla/5.0 AppleWebKit/537.36 (KHTML, like Gecko; compatible; GPTBot/1.2; +https://openai.com/gptbot)"
51.161.65.123 - - [05/Oct/2025:00:57:17 +0000] "GET /lien-he/?path=//proc/10 HTTP/2.0" 200 4658 "-" "Mozilla/5.0 (compatible; AhrefsBot/7.0; +http://ahrefs.com/robot/)"
20.171.207.42 - - [05/Oct/2025:00:57:18 +0000] "GET /sexual-pleasure-plays-an-enormous-position-in-our-well-being/?path=//sys/devices/pci0000:00/0000:00:01.2/driver/0000:00:01.2/subsystem/devices/0000:00:05.0/virtio2/subsystem/devices/virtio2/subsystem/drivers/virtio_net/virtio0/net/ens3/device/subsystem/devices/virtio1/host2/target2:0:0/2:0:0:0/subsystem/devices/2:0:0:0/subsystem/devices/target2:0:0/2:0:0:0/subsystem/drivers/sd/2:0:0:0/block/sda/subsystem/sda/bdi/subsystem/7:1/subsystem/7:3/subsystem HTTP/2.0" 200 3701 "-" "Mozilla/5.0 AppleWebKit/537.36 (KHTML, like Gecko; compatible; GPTBot/1.2; +https://openai.com/gptbot)"
20.171.207.42 - - [05/Oct/2025:00:57:19 +0000] "GET /sexual-pleasure-plays-an-enormous-position-in-our-well-being/?path=//sys/devices/pci0000:00/0000:00:01.2/driver/0000:00:01.2/subsystem/devices/0000:00:05.0/virtio2/subsystem/devices/virtio2/subsystem/drivers/virtio_net/virtio0/net/ens3/device/subsystem/devices/virtio1/host2/target2:0:0/2:0:0:0/subsystem/devices/2:0:0:0/subsystem/devices/target2:0:0/2:0:0:0/subsystem/drivers/sd/2:0:0:0/block/sda/subsystem/sda/sda1/subsystem/sda/sda15/subsystem/loop2/slaves HTTP/2.0" 200 3115 "-" "Mozilla/5.0 AppleWebKit/537.36 (KHTML, like Gecko; compatible; GPTBot/1.2; +https://openai.com/gptbot)"
20.171.207.42 - - [05/Oct/2025:00:57:20 +0000] "GET /sexual-pleasure-plays-an-enormous-position-in-our-well-being/?path=//sys/devices/pci0000:00/0000:00:01.2/driver/0000:00:01.2/subsystem/devices/0000:00:05.0/virtio2/subsystem/devices/virtio2/subsystem/drivers/virtio_net/virtio0/net/ens3/device/subsystem/devices/virtio1/host2/target2:0:0/2:0:0:0/subsystem/devices/2:0:0:0/subsystem/devices/target2:0:0/2:0:0:0/scsi_generic/sg0/device/subsystem/devices/2:0:0:0/block/sda/bdi/subsystem/7:0/subsystem/7:0/subsystem/7:1 HTTP/2.0" 200 3760 "-" "Mozilla/5.0 AppleWebKit/537.36 (KHTML, like Gecko; compatible; GPTBot/1.2; +https://openai.com/gptbot)"
20.171.207.42 - - [05/Oct/2025:00:57:21 +0000] "GET /sexual-pleasure-plays-an-enormous-position-in-our-well-being/?path=//sys/devices/pci0000:00/0000:00:01.2/driver/0000:00:01.2/subsystem/devices/0000:00:05.0/virtio2/subsystem/devices/virtio2/subsystem/drivers/virtio_net/virtio0/net/ens3/device/subsystem/devices/virtio1/host2/target2:0:0/2:0:0:0/subsystem/devices/2:0:0:0/subsystem/devices/target2:0:0/2:0:0:0/subsystem/drivers/sd/2:0:0:0/block/sda/subsystem/loop2/subsystem/sda/bdi/subsystem/8:0 HTTP/2.0" 200 3731 "-" "Mozilla/5.0 AppleWebKit/537.36 (KHTML, like Gecko; compatible; GPTBot/1.2; +https://openai.com/gptbot)"
20.171.207.42 - - [05/Oct/2025:00:57:22 +0000] "GET /sexual-pleasure-plays-an-enormous-position-in-our-well-being/?path=//sys/devices/pci0000:00/0000:00:01.2/driver/0000:00:01.2/subsystem/devices/0000:00:05.0/virtio2/subsystem/devices/virtio2/subsystem/drivers/virtio_net/virtio0/net/ens3/device/subsystem/devices/virtio1/host2/target2:0:0/2:0:0:0/subsystem/devices/2:0:0:0/subsystem/devices/target2:0:0/2:0:0:0/subsystem/drivers/sd/2:0:0:0/block/sda/subsystem/loop2/subsystem/sda/bdi/subsystem/7:2/power HTTP/2.0" 200 3829 "-" "Mozilla/5.0 AppleWebKit/537.36 (KHTML, like Gecko; compatible; GPTBot/1.2; +https://openai.com/gptbot)"
20.171.207.42 - - [05/Oct/2025:00:57:23 +0000] "GET /sexual-pleasure-plays-an-enormous-position-in-our-well-being/?path=//sys/devices/pci0000:00/0000:00:01.2/driver/0000:00:01.2/subsystem/devices/0000:00:05.0/virtio2/subsystem/devices/virtio2/subsystem/drivers/virtio_net/virtio0/net/ens3/device/subsystem/devices/virtio1/host2/target2:0:0/2:0:0:0/subsystem/devices/2:0:0:0/subsystem/devices/2:0:0:0/generic/device/driver/2:0:0:0/generic/subsystem/sg0/device/bsg/2:0:0:0/power HTTP/2.0" 200 3762 "-" "Mozilla/5.0 AppleWebKit/537.36 (KHTML, like Gecko; compatible; GPTBot/1.2; +https://openai.com/gptbot)"
20.171.207.42 - - [05/Oct/2025:00:57:24 +0000] "GET /sexual-pleasure-plays-an-enormous-position-in-our-well-being/?path=//sys/devices/pci0000:00/0000:00:01.2/driver/0000:00:01.2/subsystem/devices/0000:00:05.0/virtio2/subsystem/devices/virtio2/subsystem/drivers/virtio_net/virtio0/net/ens3/device/subsystem/devices/virtio1/host2/target2:0:0/2:0:0:0/subsystem/devices/2:0:0:0/subsystem/devices/target2:0:0/2:0:0:0/scsi_generic/sg0/device/subsystem/devices/2:0:0:0/block/sda/sda1/subsystem/loop0/subsystem/sda1/subsystem/sda1 HTTP/2.0" 200 4069 "-" "Mozilla/5.0 AppleWebKit/537.36 (KHTML, like Gecko; compatible; GPTBot/1.2; +https://openai.com/gptbot)"
15.235.27.51 - - [05/Oct/2025:00:57:25 +0000] "GET /lien-he/?fileloc=//proc/version&path=//proc HTTP/2.0" 200 2773 "-" "Mozilla/5.0 (compatible; AhrefsBot/7.0; +http://ahrefs.com/robot/)"
20.171.207.42 - - [05/Oct/2025:00:57:26 +0000] "GET /sexual-pleasure-plays-an-enormous-position-in-our-well-being/?path=//sys/devices/pci0000:00/0000:00:01.2/driver/0000:00:01.2/subsystem/devices/0000:00:05.0/virtio2/subsystem/devices/virtio2/subsystem/drivers/virtio_net/virtio0/net/ens3/device/subsystem/devices/virtio1/host2/target2:0:0/2:0:0:0/subsystem/devices/2:0:0:0/subsystem/devices/target2:0:0/2:0:0:0/subsystem/drivers/sd/2:0:0:0/block/sda/subsystem/sda/sda1/subsystem/sda/sda15/subsystem/loop1 HTTP/2.0" 200 4632 "-" "Mozilla/5.0 AppleWebKit/537.36 (KHTML, like Gecko; compatible; GPTBot/1.2; +https://openai.com/gptbot)"
20.171.207.42 - - [05/Oct/2025:00:57:27 +0000] "GET /sexual-pleasure-plays-an-enormous-position-in-our-well-being/?path=//sys/devices/pci0000:00/0000:00:01.2/driver/0000:00:01.2/subsystem/devices/0000:00:05.0/virtio2/subsystem/devices/virtio2/subsystem/drivers/virtio_net/virtio0/net/ens3/device/subsystem/devices/virtio1/host2/target2:0:0/2:0:0:0/subsystem/devices/2:0:0:0/subsystem/devices/target2:0:0/2:0:0:0/subsystem/drivers/sd/2:0:0:0/block/sda/subsystem/sda/sda1/subsystem/sda/sda15/subsystem/loop0/trace HTTP/2.0" 200 3616 "-" "Mozilla/5.0 AppleWebKit/537.36 (KHTML, like Gecko; compatible; GPTBot/1.2; +https://openai.com/gptbot)"
20.171.207.42 - - [05/Oct/2025:00:57:28 +0000] "GET /sexual-pleasure-plays-an-enormous-position-in-our-well-being/?path=//sys/devices/pci0000:00/0000:00:01.2/driver/0000:00:01.2/subsystem/devices/0000:00:05.0/virtio2/subsystem/devices/virtio2/subsystem/drivers/virtio_net/virtio0/net/ens3/device/subsystem/devices/virtio1/host2/target2:0:0/2:0:0:0/subsystem/devices/2:0:0:0/subsystem/devices/target2:0:0/2:0:0:0/subsystem/drivers/sd/2:0:0:0/block/sda/subsystem/sda/sda1/subsystem/sda/sda15/subsystem/loop0/bdi HTTP/2.0" 200 3754 "-" "Mozilla/5.0 AppleWebKit/537.36 (KHTML, like Gecko; compatible; GPTBot/1.2; +https://openai.com/gptbot)"
20.171.207.42 - - [05/Oct/2025:00:57:29 +0000] "GET /sexual-pleasure-plays-an-enormous-position-in-our-well-being/?path=//sys/devices/pci0000:00/0000:00:01.2/driver/0000:00:01.2/subsystem/devices/0000:00:05.0/virtio2/subsystem/devices/virtio2/subsystem/drivers/virtio_net/virtio0/net/ens3/device/subsystem/devices/virtio1/host2/target2:0:0/2:0:0:0/subsystem/devices/2:0:0:0/subsystem/devices/target2:0:0/2:0:0:0/subsystem/drivers/sd/2:0:0:0/block/sda/subsystem/sda/bdi/subsystem/7:1/subsystem/7:3/subsystem/7:2 HTTP/2.0" 200 3753 "-" "Mozilla/5.0 AppleWebKit/537.36 (KHTML, like Gecko; compatible; GPTBot/1.2; +https://openai.com/gptbot)"
20.171.207.42 - - [05/Oct/2025:00:57:30 +0000] "GET /sexual-pleasure-plays-an-enormous-position-in-our-well-being/?path=//sys/devices/pci0000:00/0000:00:01.2/driver/0000:00:01.2/subsystem/devices/0000:00:05.0/virtio2/subsystem/devices/virtio2/subsystem/drivers/virtio_net/virtio0/net/ens3/device/subsystem/devices/virtio1/host2/target2:0:0/2:0:0:0/subsystem/devices/2:0:0:0/subsystem/devices/target2:0:0/2:0:0:0/subsystem/drivers/sd/2:0:0:0/block/sda/subsystem/sda/sda1/subsystem/sda/sda15/subsystem/loop0/power HTTP/2.0" 200 3833 "-" "Mozilla/5.0 AppleWebKit/537.36 (KHTML, like Gecko; compatible; GPTBot/1.2; +https://openai.com/gptbot)"
20.171.207.42 - - [05/Oct/2025:00:57:31 +0000] "GET /sexual-pleasure-plays-an-enormous-position-in-our-well-being/?path=//sys/devices/pci0000:00/0000:00:01.2/driver/0000:00:01.2/subsystem/devices/0000:00:05.0/virtio2/subsystem/devices/virtio2/subsystem/drivers/virtio_net/virtio0/net/ens3/device/subsystem/devices/virtio1/host2/target2:0:0/2:0:0:0/subsystem/devices/2:0:0:0/subsystem/devices/target2:0:0/2:0:0:0/subsystem/drivers/sd/2:0:0:0/block/sda/subsystem/sda/sda1/subsystem/sda/sda15/subsystem/loop0/integrity HTTP/2.0" 200 3710 "-" "Mozilla/5.0 AppleWebKit/537.36 (KHTML, like Gecko; compatible; GPTBot/1.2; +https://openai.com/gptbot)"
20.171.207.42 - - [05/Oct/2025:00:57:32 +0000] "GET /sexual-pleasure-plays-an-enormous-position-in-our-well-being/?path=//sys/devices/pci0000:00/0000:00:01.2/driver/0000:00:01.2/subsystem/devices/0000:00:05.0/virtio2/subsystem/devices/virtio2/subsystem/drivers/virtio_net/virtio0/net/ens3/device/subsystem/devices/virtio1/host2/target2:0:0/2:0:0:0/subsystem/devices/2:0:0:0/subsystem/devices/target2:0:0/2:0:0:0/subsystem/drivers/sd/2:0:0:0/block/sda/subsystem/sda/sda1/subsystem/sda/sda15/subsystem/loop0/queue HTTP/2.0" 200 5244 "-" "Mozilla/5.0 AppleWebKit/537.36 (KHTML, like Gecko; compatible; GPTBot/1.2; +https://openai.com/gptbot)"
20.171.207.42 - - [05/Oct/2025:00:57:34 +0000] "GET /sexual-pleasure-plays-an-enormous-position-in-our-well-being/?path=//sys/devices/pci0000:00/0000:00:01.2/driver/0000:00:01.2/subsystem/devices/0000:00:05.0/virtio2/subsystem/devices/virtio2/subsystem/drivers/virtio_net/virtio0/net/ens3/device/subsystem/devices/virtio1/host2/target2:0:0/2:0:0:0/subsystem/devices/2:0:0:0/subsystem/devices/target2:0:0/2:0:0:0/subsystem/drivers/sd/2:0:0:0/block/sda/subsystem/sda/sda1/subsystem/sda/sda15/subsystem/loop0/mq HTTP/2.0" 200 3379 "-" "Mozilla/5.0 AppleWebKit/537.36 (KHTML, like Gecko; compatible; GPTBot/1.2; +https://openai.com/gptbot)"
148.113.128.203 - - [05/Oct/2025:00:57:34 +0000] "GET /lien-he/?fileloc=//proc/stat&path=//proc HTTP/2.0" 200 3093 "-" "Mozilla/5.0 (compatible; AhrefsBot/7.0; +http://ahrefs.com/robot/)"
20.171.207.42 - - [05/Oct/2025:00:57:35 +0000] "GET /sexual-pleasure-plays-an-enormous-position-in-our-well-being/?path=//sys/devices/pci0000:00/0000:00:01.2/driver/0000:00:01.2/subsystem/devices/0000:00:05.0/virtio2/subsystem/devices/virtio2/subsystem/drivers/virtio_net/virtio0/net/ens3/device/subsystem/devices/virtio1/host2/target2:0:0/2:0:0:0/subsystem/devices/2:0:0:0/subsystem/devices/target2:0:0/2:0:0:0/subsystem/drivers/sd/2:0:0:0/block/sda/subsystem/sda/bdi/subsystem/7:1/subsystem/7:3/subsystem/7:1 HTTP/2.0" 200 3749 "-" "Mozilla/5.0 AppleWebKit/537.36 (KHTML, like Gecko; compatible; GPTBot/1.2; +https://openai.com/gptbot)"
142.44.225.228 - - [05/Oct/2025:00:57:35 +0000] "GET /lien-he/?fileloc=//proc/vmstat&path=//proc HTTP/2.0" 200 4051 "-" "Mozilla/5.0 (compatible; AhrefsBot/7.0; +http://ahrefs.com/robot/)"
20.171.207.42 - - [05/Oct/2025:00:57:36 +0000] "GET /sexual-pleasure-plays-an-enormous-position-in-our-well-being/?path=//sys/devices/pci0000:00/0000:00:01.2/driver/0000:00:01.2/subsystem/devices/0000:00:05.0/virtio2/subsystem/devices/virtio2/subsystem/drivers/virtio_net/virtio0/net/ens3/device/subsystem/devices/virtio1/host2/target2:0:0/2:0:0:0/subsystem/devices/2:0:0:0/subsystem/devices/target2:0:0/2:0:0:0/subsystem/drivers/sd/2:0:0:0/block/sda/subsystem/loop2/subsystem/sda/bdi/subsystem/7:0/subsystem/7:3/subsystem HTTP/2.0" 200 3719 "-" "Mozilla/5.0 AppleWebKit/537.36 (KHTML, like Gecko; compatible; GPTBot/1.2; +https://openai.com/gptbot)"
20.171.207.42 - - [05/Oct/2025:00:57:37 +0000] "GET /sexual-pleasure-plays-an-enormous-position-in-our-well-being/?path=//sys/devices/pci0000:00/0000:00:01.2/driver/0000:00:01.2/subsystem/devices/0000:00:05.0/virtio2/subsystem/devices/virtio2/subsystem/drivers/virtio_net/virtio0/net/ens3/device/subsystem/devices/virtio1/host2/target2:0:0/2:0:0:0/subsystem/devices/2:0:0:0/subsystem/devices/target2:0:0/2:0:0:0/subsystem/drivers/sd/2:0:0:0/block/sda/subsystem/sda/bdi/subsystem/7:1/subsystem/7:3/subsystem/7:7 HTTP/2.0" 200 3754 "-" "Mozilla/5.0 AppleWebKit/537.36 (KHTML, like Gecko; compatible; GPTBot/1.2; +https://openai.com/gptbot)"
20.171.207.42 - - [05/Oct/2025:00:57:38 +0000] "GET /sexual-pleasure-plays-an-enormous-position-in-our-well-being/?path=//sys/devices/pci0000:00/0000:00:01.2/driver/0000:00:01.2/subsystem/devices/0000:00:05.0/virtio2/subsystem/devices/virtio2/subsystem/drivers/virtio_net/virtio0/net/ens3/device/subsystem/devices/virtio1/host2/target2:0:0/2:0:0:0/subsystem/devices/2:0:0:0/subsystem/devices/target2:0:0/2:0:0:0/subsystem/drivers/sd/2:0:0:0/block/sda/subsystem/sda/sda1/subsystem/sda/sda15/subsystem/loop1/bdi HTTP/2.0" 200 3754 "-" "Mozilla/5.0 AppleWebKit/537.36 (KHTML, like Gecko; compatible; GPTBot/1.2; +https://openai.com/gptbot)"
20.171.207.42 - - [05/Oct/2025:00:57:39 +0000] "GET /sexual-pleasure-plays-an-enormous-position-in-our-well-being/?path=//sys/devices/pci0000:00/0000:00:01.2/driver/0000:00:01.2/subsystem/devices/0000:00:05.0/virtio2/subsystem/devices/virtio2/subsystem/drivers/virtio_net/virtio0/net/ens3/device/subsystem/devices/virtio1/host2/target2:0:0/2:0:0:0/subsystem/devices/2:0:0:0/subsystem/devices/target2:0:0/2:0:0:0/subsystem/drivers/sd/2:0:0:0/block/sda/subsystem/sda/sda1/subsystem/sda/sda15/subsystem/loop1/slaves HTTP/2.0" 200 3114 "-" "Mozilla/5.0 AppleWebKit/537.36 (KHTML, like Gecko; compatible; GPTBot/1.2; +https://openai.com/gptbot)"
20.171.207.42 - - [05/Oct/2025:00:57:40 +0000] "GET /sexual-pleasure-plays-an-enormous-position-in-our-well-being/?path=//sys/devices/pci0000:00/0000:00:01.2/driver/0000:00:01.2/subsystem/devices/0000:00:05.0/virtio2/subsystem/devices/virtio2/subsystem/drivers/virtio_net/virtio0/net/ens3/device/subsystem/devices/virtio1/host2/target2:0:0/2:0:0:0/subsystem/devices/2:0:0:0/subsystem/devices/target2:0:0/2:0:0:0/subsystem/drivers/sd/2:0:0:0/block/sda/subsystem/sda/sda1/subsystem/sda/sda15/subsystem/loop1/holders HTTP/2.0" 200 3112 "-" "Mozilla/5.0 AppleWebKit/537.36 (KHTML, like Gecko; compatible; GPTBot/1.2; +https://openai.com/gptbot)"
20.171.207.42 - - [05/Oct/2025:00:57:41 +0000] "GET /sexual-pleasure-plays-an-enormous-position-in-our-well-being/?path=//sys/devices/pci0000:00/0000:00:01.2/driver/0000:00:01.2/subsystem/devices/0000:00:05.0/virtio2/subsystem/devices/virtio2/subsystem/drivers/virtio_net/virtio0/net/ens3/device/subsystem/devices/virtio1/host2/target2:0:0/2:0:0:0/subsystem/devices/2:0:0:0/subsystem/devices/target2:0:0/2:0:0:0/subsystem/drivers/sd/2:0:0:0/block/sda/subsystem/loop2/subsystem/sda/bdi/subsystem/8:0/power HTTP/2.0" 200 3827 "-" "Mozilla/5.0 AppleWebKit/537.36 (KHTML, like Gecko; compatible; GPTBot/1.2; +https://openai.com/gptbot)"
54.39.203.89 - - [05/Oct/2025:00:57:42 +0000] "GET /lien-he/?fileloc=//proc/softirqs&path=//proc HTTP/2.0" 200 2976 "-" "Mozilla/5.0 (compatible; AhrefsBot/7.0; +http://ahrefs.com/robot/)"
20.171.207.42 - - [05/Oct/2025:00:57:43 +0000] "GET /sexual-pleasure-plays-an-enormous-position-in-our-well-being/?path=//sys/devices/pci0000:00/0000:00:01.2/driver/0000:00:01.2/subsystem/devices/0000:00:05.0/virtio2/subsystem/devices/virtio2/subsystem/drivers/virtio_net/virtio0/net/ens3/device/subsystem/devices/virtio1/host2/target2:0:0/2:0:0:0/subsystem/devices/2:0:0:0/subsystem/devices/target2:0:0/2:0:0:0/subsystem/drivers/sd/2:0:0:0/block/sda/subsystem/sda/bdi/subsystem/7:1/subsystem/7:3/subsystem/8:0 HTTP/2.0" 200 3753 "-" "Mozilla/5.0 AppleWebKit/537.36 (KHTML, like Gecko; compatible; GPTBot/1.2; +https://openai.com/gptbot)"
20.171.207.42 - - [05/Oct/2025:00:57:44 +0000] "GET /sexual-pleasure-plays-an-enormous-position-in-our-well-being/?path=//sys/devices/pci0000:00/0000:00:01.2/driver/0000:00:01.2/subsystem/devices/0000:00:05.0/virtio2/subsystem/devices/virtio2/subsystem/drivers/virtio_net/virtio0/net/ens3/device/subsystem/devices/virtio1/host2/target2:0:0/2:0:0:0/subsystem/devices/2:0:0:0/subsystem/devices/target2:0:0/2:0:0:0/subsystem/drivers/sd/2:0:0:0/block/sda/subsystem/sda/sda1/subsystem/sda/sda15/subsystem/loop1/integrity HTTP/2.0" 200 3710 "-" "Mozilla/5.0 AppleWebKit/537.36 (KHTML, like Gecko; compatible; GPTBot/1.2; +https://openai.com/gptbot)"
20.171.207.42 - - [05/Oct/2025:00:57:45 +0000] "GET /sexual-pleasure-plays-an-enormous-position-in-our-well-being/?path=//sys/devices/pci0000:00/0000:00:01.2/driver/0000:00:01.2/subsystem/devices/0000:00:05.0/virtio2/subsystem/devices/virtio2/subsystem/drivers/virtio_net/virtio0/net/ens3/device/subsystem/devices/virtio1/host2/target2:0:0/2:0:0:0/subsystem/devices/2:0:0:0/subsystem/devices/target2:0:0/2:0:0:0/subsystem/drivers/sd/2:0:0:0/block/sda/subsystem/sda/sda1/subsystem/sda/sda15/subsystem/loop0/bdi/power HTTP/2.0" 200 3846 "-" "Mozilla/5.0 AppleWebKit/537.36 (KHTML, like Gecko; compatible; GPTBot/1.2; +https://openai.com/gptbot)"
20.171.207.42 - - [05/Oct/2025:00:57:46 +0000] "GET /sexual-pleasure-plays-an-enormous-position-in-our-well-being/?path=//sys/devices/pci0000:00/0000:00:01.2/driver/0000:00:01.2/subsystem/devices/0000:00:05.0/virtio2/subsystem/devices/virtio2/subsystem/drivers/virtio_net/virtio0/net/ens3/device/subsystem/devices/virtio1/host2/target2:0:0/2:0:0:0/subsystem/devices/2:0:0:0/subsystem/devices/target2:0:0/2:0:0:0/subsystem/drivers/sd/2:0:0:0/block/sda/subsystem/sda/sda1/subsystem/sda/sda15/subsystem/loop0/holders HTTP/2.0" 200 3112 "-" "Mozilla/5.0 AppleWebKit/537.36 (KHTML, like Gecko; compatible; GPTBot/1.2; +https://openai.com/gptbot)"
20.171.207.42 - - [05/Oct/2025:00:57:47 +0000] "GET /sexual-pleasure-plays-an-enormous-position-in-our-well-being/?path=//sys/devices/pci0000:00/0000:00:01.2/driver/0000:00:01.2/subsystem/devices/0000:00:05.0/virtio2/subsystem/devices/virtio2/subsystem/drivers/virtio_net/virtio0/net/ens3/device/subsystem/devices/virtio1/host2/target2:0:0/2:0:0:0/subsystem/devices/2:0:0:0/subsystem/devices/target2:0:0/2:0:0:0/subsystem/drivers/sd/2:0:0:0/block/sda/subsystem/sda/sda1/subsystem/sda/sda15/subsystem/loop0/slaves HTTP/2.0" 200 3114 "-" "Mozilla/5.0 AppleWebKit/537.36 (KHTML, like Gecko; compatible; GPTBot/1.2; +https://openai.com/gptbot)"
20.171.207.42 - - [05/Oct/2025:00:57:48 +0000] "GET /sexual-pleasure-plays-an-enormous-position-in-our-well-being/?path=//sys/devices/pci0000:00/0000:00:01.2/driver/0000:00:01.2/subsystem/devices/0000:00:05.0/virtio2/subsystem/devices/virtio2/subsystem/drivers/virtio_net/virtio0/net/ens3/device/subsystem/devices/virtio1/host2/target2:0:0/2:0:0:0/subsystem/devices/2:0:0:0/subsystem/devices/host2/subsystem/devices/2:0:0:0/bsg/2:0:0:0/device/generic/device/bsg/2:0:0:0/device/block/sda/sda15/subsystem/sda1/subsystem HTTP/2.0" 200 3840 "-" "Mozilla/5.0 AppleWebKit/537.36 (KHTML, like Gecko; compatible; GPTBot/1.2; +https://openai.com/gptbot)"
54.39.203.238 - - [05/Oct/2025:00:57:49 +0000] "GET /lien-he/?fileloc=//proc/slabinfo&path=//proc HTTP/2.0" 200 2691 "-" "Mozilla/5.0 (compatible; AhrefsBot/7.0; +http://ahrefs.com/robot/)"
20.171.207.42 - - [05/Oct/2025:00:57:49 +0000] "GET /sexual-pleasure-plays-an-enormous-position-in-our-well-being/?path=//sys/devices/pci0000:00/0000:00:01.2/driver/0000:00:01.2/subsystem/devices/0000:00:05.0/virtio2/subsystem/devices/virtio2/subsystem/drivers/virtio_net/virtio0/net/ens3/device/subsystem/devices/virtio1/host2/target2:0:0/2:0:0:0/subsystem/devices/2:0:0:0/subsystem/devices/target2:0:0/2:0:0:0/subsystem/drivers/sd/2:0:0:0/block/sda/subsystem/loop2/subsystem/sda/bdi/subsystem/7:0/subsystem/7:3/subsystem/8:0 HTTP/2.0" 200 3771 "-" "Mozilla/5.0 AppleWebKit/537.36 (KHTML, like Gecko; compatible; GPTBot/1.2; +https://openai.com/gptbot)"
20.171.207.42 - - [05/Oct/2025:00:57:51 +0000] "GET /sexual-pleasure-plays-an-enormous-position-in-our-well-being/?path=//sys/devices/pci0000:00/0000:00:01.2/driver/0000:00:01.2/subsystem/devices/0000:00:05.0/virtio2/subsystem/devices/virtio2/subsystem/drivers/virtio_net/virtio0/net/ens3/device/subsystem/devices/virtio1/host2/target2:0:0/2:0:0:0/subsystem/devices/2:0:0:0/subsystem/devices/host2/target2:0:0/2:0:0:0/driver/2:0:0:0/generic/device/scsi_device/2:0:0:0/device/block/sda/subsystem/loop2/subsystem/sda/sda1/subsystem/loop2/bdi HTTP/2.0" 200 3788 "-" "Mozilla/5.0 AppleWebKit/537.36 (KHTML, like Gecko; compatible; GPTBot/1.2; +https://openai.com/gptbot)"
20.171.207.42 - - [05/Oct/2025:00:57:52 +0000] "GET /sexual-pleasure-plays-an-enormous-position-in-our-well-being/?path=//sys/devices/pci0000:00/0000:00:01.2/driver/0000:00:01.2/subsystem/devices/0000:00:05.0/virtio2/subsystem/devices/virtio2/subsystem/drivers/virtio_net/virtio0/net/ens3/device/subsystem/devices/virtio1/host2/target2:0:0/2:0:0:0/subsystem/devices/2:0:0:0/subsystem/devices/target2:0:0/2:0:0:0/subsystem/drivers/sd/2:0:0:0/block/sda/subsystem/sda/sda15/subsystem/sda/subsystem/sda1/holders HTTP/2.0" 200 3098 "-" "Mozilla/5.0 AppleWebKit/537.36 (KHTML, like Gecko; compatible; GPTBot/1.2; +https://openai.com/gptbot)"
20.171.207.42 - - [05/Oct/2025:00:57:53 +0000] "GET /sexual-pleasure-plays-an-enormous-position-in-our-well-being/?path=//sys/devices/pci0000:00/0000:00:01.2/driver/0000:00:01.2/subsystem/devices/0000:00:05.0/virtio2/subsystem/devices/virtio2/subsystem/drivers/virtio_net/virtio0/net/ens3/device/subsystem/devices/virtio1/host2/target2:0:0/2:0:0:0/subsystem/devices/2:0:0:0/subsystem/devices/target2:0:0/2:0:0:0/scsi_generic/sg0/device/subsystem/devices/2:0:0:0/block/sda/bdi/subsystem/7:1 HTTP/2.0" 200 3723 "-" "Mozilla/5.0 AppleWebKit/537.36 (KHTML, like Gecko; compatible; GPTBot/1.2; +https://openai.com/gptbot)"
54.39.210.50 - - [05/Oct/2025:00:57:54 +0000] "GET /lien-he/?fileloc=//proc/partitions&path=//proc HTTP/2.0" 200 2824 "-" "Mozilla/5.0 (compatible; AhrefsBot/7.0; +http://ahrefs.com/robot/)"
20.171.207.42 - - [05/Oct/2025:00:57:54 +0000] "GET /sexual-pleasure-plays-an-enormous-position-in-our-well-being/?path=//sys/devices/pci0000:00/0000:00:01.2/driver/0000:00:01.2/subsystem/devices/0000:00:05.0/virtio2/subsystem/devices/virtio2/subsystem/drivers/virtio_net/virtio0/net/ens3/device/subsystem/devices/virtio1/host2/target2:0:0/2:0:0:0/subsystem/devices/2:0:0:0/subsystem/devices/target2:0:0/2:0:0:0/scsi_generic/sg0/device/subsystem/devices/2:0:0:0/block/sda/bdi/subsystem/7:0/subsystem/7:2/subsystem/7:0 HTTP/2.0" 200 3760 "-" "Mozilla/5.0 AppleWebKit/537.36 (KHTML, like Gecko; compatible; GPTBot/1.2; +https://openai.com/gptbot)"
20.171.207.42 - - [05/Oct/2025:00:57:55 +0000] "GET /sexual-pleasure-plays-an-enormous-position-in-our-well-being/?path=//sys/devices/pci0000:00/0000:00:01.2/driver/0000:00:01.2/subsystem/devices/0000:00:05.0/virtio2/subsystem/devices/virtio2/subsystem/drivers/virtio_net/virtio0/net/ens3/device/subsystem/devices/virtio1/host2/target2:0:0/2:0:0:0/subsystem/devices/2:0:0:0/subsystem/devices/target2:0:0/2:0:0:0/subsystem/drivers/sd/2:0:0:0/block/sda/subsystem/sda1/subsystem/sda/sda14/subsystem/loop0/slaves HTTP/2.0" 200 3109 "-" "Mozilla/5.0 AppleWebKit/537.36 (KHTML, like Gecko; compatible; GPTBot/1.2; +https://openai.com/gptbot)"
20.171.207.42 - - [05/Oct/2025:00:57:57 +0000] "GET /sexual-pleasure-plays-an-enormous-position-in-our-well-being/?path=//sys/devices/pci0000:00/0000:00:01.2/driver/0000:00:01.2/subsystem/devices/0000:00:05.0/virtio2/subsystem/devices/virtio2/subsystem/drivers/virtio_net/virtio0/net/ens3/device/subsystem/devices/virtio1/host2/target2:0:0/2:0:0:0/subsystem/devices/2:0:0:0/subsystem/devices/host2/target2:0:0/2:0:0:0/driver/2:0:0:0/generic/device/block/sda/subsystem/sda/device/bsg/2:0:0:0/device/generic HTTP/2.0" 200 3603 "-" "Mozilla/5.0 AppleWebKit/537.36 (KHTML, like Gecko; compatible; GPTBot/1.2; +https://openai.com/gptbot)"
20.171.207.42 - - [05/Oct/2025:00:57:58 +0000] "GET /sexual-pleasure-plays-an-enormous-position-in-our-well-being/?path=//sys/devices/pci0000:00/0000:00:01.2/driver/0000:00:01.2/subsystem/devices/0000:00:05.0/virtio2/subsystem/devices/virtio2/subsystem/drivers/virtio_net/virtio0/net/ens3/device/subsystem/devices/virtio1/host2/target2:0:0/2:0:0:0/subsystem/devices/2:0:0:0/subsystem/devices/target2:0:0/2:0:0:0/scsi_generic/sg0/device/subsystem/devices/2:0:0:0/block/sda/subsystem/loop0/subsystem/sda1/holders HTTP/2.0" 200 3107 "-" "Mozilla/5.0 AppleWebKit/537.36 (KHTML, like Gecko; compatible; GPTBot/1.2; +https://openai.com/gptbot)"
20.171.207.42 - - [05/Oct/2025:00:57:59 +0000] "GET /sexual-pleasure-plays-an-enormous-position-in-our-well-being/?path=//sys/devices/pci0000:00/0000:00:01.2/driver/0000:00:01.2/subsystem/devices/0000:00:05.0/virtio2/subsystem/devices/virtio2/subsystem/drivers/virtio_net/virtio0/net/ens3/device/subsystem/devices/virtio1/host2/target2:0:0/2:0:0:0/subsystem/devices/2:0:0:0/subsystem/devices/2:0:0:0/bsg/2:0:0:0/device/subsystem/devices/host1/scsi_host/host1/subsystem/host0/device/scsi_host HTTP/2.0" 200 3342 "-" "Mozilla/5.0 AppleWebKit/537.36 (KHTML, like Gecko; compatible; GPTBot/1.2; +https://openai.com/gptbot)"
20.171.207.42 - - [05/Oct/2025:00:58:00 +0000] "GET /sexual-pleasure-plays-an-enormous-position-in-our-well-being/?path=//sys/devices/pci0000:00/0000:00:01.2/driver/0000:00:01.2/subsystem/devices/0000:00:05.0/virtio2/subsystem/devices/virtio2/subsystem/drivers/virtio_net/virtio0/net/ens3/device/subsystem/devices/virtio1/host2/target2:0:0/2:0:0:0/subsystem/devices/2:0:0:0/subsystem/devices/host2/subsystem/devices/2:0:0:0/bsg/2:0:0:0/device/generic/device/bsg/2:0:0:0/device/block/sda/sda15/subsystem/sda1/subsystem/loop0 HTTP/2.0" 200 4657 "-" "Mozilla/5.0 AppleWebKit/537.36 (KHTML, like Gecko; compatible; GPTBot/1.2; +https://openai.com/gptbot)"
20.171.207.42 - - [05/Oct/2025:00:58:01 +0000] "GET /sexual-pleasure-plays-an-enormous-position-in-our-well-being/?path=//sys/devices/pci0000:00/0000:00:01.2/driver/0000:00:01.2/subsystem/devices/0000:00:05.0/virtio2/subsystem/devices/virtio2/subsystem/drivers/virtio_net/virtio0/net/ens3/device/subsystem/devices/virtio1/host2/target2:0:0/2:0:0:0/subsystem/devices/2:0:0:0/subsystem/devices/host2/subsystem/devices/2:0:0:0/bsg/2:0:0:0/device/generic/device/bsg/2:0:0:0/device/block/sda/sda15/subsystem/sda1/subsystem/loop2 HTTP/2.0" 200 4619 "-" "Mozilla/5.0 AppleWebKit/537.36 (KHTML, like Gecko; compatible; GPTBot/1.2; +https://openai.com/gptbot)"
54.39.210.40 - - [05/Oct/2025:00:58:02 +0000] "GET /lien-he/?fileloc=//proc/pagetypeinfo&path=//proc HTTP/2.0" 200 2694 "-" "Mozilla/5.0 (compatible; AhrefsBot/7.0; +http://ahrefs.com/robot/)"
20.171.207.42 - - [05/Oct/2025:00:58:03 +0000] "GET /sexual-pleasure-plays-an-enormous-position-in-our-well-being/?path=//sys/devices/pci0000:00/0000:00:01.2/driver/0000:00:01.2/subsystem/devices/0000:00:05.0/virtio2/subsystem/devices/virtio2/subsystem/drivers/virtio_net/virtio0/net/ens3/device/subsystem/devices/virtio1/host2/target2:0:0/2:0:0:0/subsystem/devices/2:0:0:0/subsystem/devices/host2/target2:0:0/2:0:0:0/generic/device/generic/device/generic/device/driver/2:0:0:0/block HTTP/2.0" 200 3327 "-" "Mozilla/5.0 AppleWebKit/537.36 (KHTML, like Gecko; compatible; GPTBot/1.2; +https://openai.com/gptbot)"
20.171.207.42 - - [05/Oct/2025:00:58:04 +0000] "GET /sexual-pleasure-plays-an-enormous-position-in-our-well-being/?path=//sys/devices/pci0000:00/0000:00:01.2/driver/0000:00:01.2/subsystem/devices/0000:00:05.0/virtio2/subsystem/devices/virtio2/subsystem/drivers/virtio_net/virtio0/net/ens3/device/subsystem/devices/virtio1/host2/target2:0:0/2:0:0:0/subsystem/devices/2:0:0:0/subsystem/devices/target2:0:0/2:0:0:0/subsystem/drivers/sd/2:0:0:0/block/sda/subsystem/loop2/subsystem/sda/device/bsg/2:0:0:0/power HTTP/2.0" 200 3827 "-" "Mozilla/5.0 AppleWebKit/537.36 (KHTML, like Gecko; compatible; GPTBot/1.2; +https://openai.com/gptbot)"
20.171.207.42 - - [05/Oct/2025:00:58:05 +0000] "GET /sexual-pleasure-plays-an-enormous-position-in-our-well-being/?path=//sys/devices/pci0000:00/0000:00:01.2/driver/0000:00:01.2/subsystem/devices/0000:00:05.0/virtio2/subsystem/devices/virtio2/subsystem/drivers/virtio_net/virtio0/net/ens3/device/subsystem/devices/virtio1/host2/target2:0:0/2:0:0:0/subsystem/devices/2:0:0:0/subsystem/devices/target2:0:0/2:0:0:0/subsystem/drivers/sd/2:0:0:0/block/sda/subsystem/sda1/subsystem/sda/subsystem/loop5/integrity HTTP/2.0" 200 3690 "-" "Mozilla/5.0 AppleWebKit/537.36 (KHTML, like Gecko; compatible; GPTBot/1.2; +https://openai.com/gptbot)"
20.171.207.42 - - [05/Oct/2025:00:58:06 +0000] "GET /sexual-pleasure-plays-an-enormous-position-in-our-well-being/?path=//sys/devices/pci0000:00/0000:00:01.2/driver/0000:00:01.2/subsystem/devices/0000:00:05.0/virtio2/subsystem/devices/virtio2/subsystem/drivers/virtio_net/virtio0/net/ens3/device/subsystem/devices/virtio1/host2/target2:0:0/2:0:0:0/subsystem/devices/2:0:0:0/subsystem/devices/host2/target2:0:0/2:0:0:0/driver/2:0:0:0/generic/device/scsi_device/2:0:0:0/device/block/sda/subsystem/sda/subsystem/loop7/trace HTTP/2.0" 200 3617 "-" "Mozilla/5.0 AppleWebKit/537.36 (KHTML, like Gecko; compatible; GPTBot/1.2; +https://openai.com/gptbot)"
20.171.207.42 - - [05/Oct/2025:00:58:07 +0000] "GET /sexual-pleasure-plays-an-enormous-position-in-our-well-being/?path=//sys/devices/pci0000:00/0000:00:01.2/driver/0000:00:01.2/subsystem/devices/0000:00:05.0/virtio2/subsystem/devices/virtio2/subsystem/drivers/virtio_net/virtio0/net/ens3/device/subsystem/devices/virtio1/host2/target2:0:0/2:0:0:0/subsystem/devices/2:0:0:0/subsystem/devices/target2:0:0/2:0:0:0/scsi_generic/sg0/device/subsystem/devices/2:0:0:0/block/sda/bdi/subsystem/7:1/subsystem HTTP/2.0" 200 3696 "-" "Mozilla/5.0 AppleWebKit/537.36 (KHTML, like Gecko; compatible; GPTBot/1.2; +https://openai.com/gptbot)"
66.249.66.40 - - [05/Oct/2025:00:58:07 +0000] "GET /?a=828907502906&channel=594e2d&from=brands.php?detail/49785323 HTTP/1.1" 200 7838 "-" "Mozilla/5.0 (Linux; Android 6.0.1; Nexus 5X Build/MMB29P) AppleWebKit/537.36 (KHTML, like Gecko) Chrome/140.0.7339.207 Mobile Safari/537.36 (compatible; Googlebot/2.1; +http://www.google.com/bot.html)"
20.171.207.42 - - [05/Oct/2025:00:58:08 +0000] "GET /sexual-pleasure-plays-an-enormous-position-in-our-well-being/?path=//sys/devices/pci0000:00/0000:00:01.2/driver/0000:00:01.2/subsystem/devices/0000:00:05.0/virtio2/subsystem/devices/virtio2/subsystem/drivers/virtio_net/virtio0/net/ens3/device/subsystem/devices/virtio1/host2/target2:0:0/2:0:0:0/subsystem/devices/2:0:0:0/subsystem/devices/host2/target2:0:0/2:0:0:0/driver/2:0:0:0/generic/device/scsi_device/2:0:0:0/device/scsi_generic/sg0/device/block HTTP/2.0" 200 3358 "-" "Mozilla/5.0 AppleWebKit/537.36 (KHTML, like Gecko; compatible; GPTBot/1.2; +https://openai.com/gptbot)"
15.235.98.252 - - [05/Oct/2025:00:58:08 +0000] "GET /lien-he/?fileloc=//proc/misc&path=//proc HTTP/2.0" 200 2848 "-" "Mozilla/5.0 (compatible; AhrefsBot/7.0; +http://ahrefs.com/robot/)"
66.249.71.41 - - [05/Oct/2025:00:58:09 +0000] "GET /?a=273397045208&channel=fc5d57&from=form.php?detail/12926278 HTTP/1.1" 200 7838 "-" "Mozilla/5.0 (Linux; Android 6.0.1; Nexus 5X Build/MMB29P) AppleWebKit/537.36 (KHTML, like Gecko) Chrome/140.0.7339.207 Mobile Safari/537.36 (compatible; Googlebot/2.1; +http://www.google.com/bot.html)"
20.171.207.42 - - [05/Oct/2025:00:58:09 +0000] "GET /sexual-pleasure-plays-an-enormous-position-in-our-well-being/?path=//sys/devices/pci0000:00/0000:00:01.2/driver/0000:00:01.2/subsystem/devices/0000:00:05.0/virtio2/subsystem/devices/virtio2/subsystem/drivers/virtio_net/virtio0/net/ens3/device/subsystem/devices/virtio1/host2/target2:0:0/2:0:0:0/subsystem/devices/2:0:0:0/subsystem/devices/host2/target2:0:0/2:0:0:0/driver/2:0:0:0/generic/device/block/sda/subsystem/sda/device/bsg/2:0:0:0/device/generic/power HTTP/2.0" 200 3829 "-" "Mozilla/5.0 AppleWebKit/537.36 (KHTML, like Gecko; compatible; GPTBot/1.2; +https://openai.com/gptbot)"
